{"id":93,"date":"2020-08-22T22:34:08","date_gmt":"2020-08-22T22:34:08","guid":{"rendered":"https:\/\/vidanuevaz.mx\/?page_id=93"},"modified":"2020-08-26T16:45:00","modified_gmt":"2020-08-26T16:45:00","slug":"lo-que-creemos","status":"publish","type":"page","link":"https:\/\/vidanuevaz.mx\/?page_id=93","title":{"rendered":"Lo que creemos"},"content":{"rendered":"\n<p><strong>Declaraci\u00f3n de Fe de la Iglesia B\u00edblica Vida Nueva<\/strong><\/p>\n\n\n\n<p><strong>1.&nbsp; Las Sagradas Escrituras.<\/strong><\/p>\n\n\n\n<p>Creemos que los 66 libros del Antiguo y Nuevo Testamentos son la Palabra de Dios, verbalmente inspirada, la autoridad final para fe y vida, sin error en los manuscritos originales, infalible, y dada por la inspiraci\u00f3n de Dios. &nbsp;<br>2 Timoteo 3:16,17;&nbsp; 2 Pedro 1:20, 21; Mateo 5:18; Juan 16:12,13.<\/p>\n\n\n\n<p><strong>2. <\/strong>&nbsp;<strong>La Deidad.<\/strong><\/p>\n\n\n\n<p>Creemos en el Dios trino y uno, existiendo eternamente en tres Personas; Padre, Hijo y Esp\u00edritu Santo, los cuales son co-eternos en su existencia, co-id\u00e9nticos en su naturaleza, co-iguales en poder y gloria, y poseen los mismos atributos y perfecciones.&nbsp; Dt. &nbsp;6:4; 2 Cor. 13:14.<\/p>\n\n\n\n<p><strong>3<\/strong>.&nbsp; <strong>La Persona<\/strong><strong> y Obra de Cristo.<\/strong><\/p>\n\n\n\n<p>Creemos que el Se\u00f1or Jesucristo el eterno Hijo de Dios se hizo hombre, sin dejar de ser Dios,&nbsp; habiendo sido engendrado por el Esp\u00edritu Santo y nacido de Mar\u00eda siendo virgen, con el fin de revelar a Dios, y redimir a los hombres pecadores.&nbsp; Juan. 1:1, 2; Lucas 1:35.<\/p>\n\n\n\n<p>Creemos que el Se\u00f1or Jesucristo consum\u00f3 nuestra redenci\u00f3n por medio de su muerte en la cruz, como sacrificio; es a saber, en substituci\u00f3n por el pecador.&nbsp; Creemos tambi\u00e9n que nuestra justificaci\u00f3n queda afianzada mediante su resurrecci\u00f3n de entre los muertos, literal y en carne. &nbsp;&nbsp;&nbsp;&nbsp;&nbsp;&nbsp;&nbsp;&nbsp;&nbsp;&nbsp;&nbsp;&nbsp;&nbsp;&nbsp;<\/p>\n\n\n\n<p>Romanos 3:24, 25; 1 Pedro 1:3-5; 2:24;&nbsp; Efesios 1:7; Hebreos 2:9; 1 Juan 2:2.<\/p>\n\n\n\n<p>Creemos que el Se\u00f1or Jesucristo ascendi\u00f3 al cielo, y est\u00e1 a la mano derecha de Dios, exaltado, donde como Sumo Sacerdote nuestro, desempe\u00f1a su ministerio de Representante Intercesor y Abogado. Hechos 1:9, 10; Hebreos 9:24,&nbsp; 7:25; Romanos 8:34; 1 Jn. 2:1, 2.<\/p>\n\n\n\n<p><strong>4.&nbsp; La Persona y Obra del Esp\u00edritu Santo.<\/strong><\/p>\n\n\n\n<p>Creemos que el Esp\u00edritu Santo es una persona divina, quien convence al mundo de pecado, de justicia y de juicio; y que es el Agente sobrenatural de la regeneraci\u00f3n, y \u00e9l que bautiza a todos los creyentes, uni\u00e9ndolos al cuerpo de Cristo, morando en ellos, y sell\u00e1ndolos para el d\u00eda de la redenci\u00f3n. Juan 16:8-11; 2 Corintios 3:6; 12:12-14; Romanos 8:9; Efesios 1:13, 14.<\/p>\n\n\n\n<p>Creemos que el Esp\u00edritu Santo es el divino Maestro, quien gu\u00eda a los creyentes a toda verdad; y creemos que es el privilegio y el deber de todo hombre salvo ser lleno del Esp\u00edritu. Juan 16:13; 1 Juan 2:20; Efesios 5:18.<\/p>\n\n\n\n<p><strong>5<\/strong>.&nbsp; <strong>La Depravaci\u00f3n Total<\/strong><strong> del Hombre.<\/strong><\/p>\n\n\n\n<p>Creemos que el hombre fue creado a la imagen y semejanza de Dios pero que en el pecado de Ad\u00e1n la raza humana cay\u00f3, heredando una naturaleza pecaminosa, y quedando ajeno a Dios; y creemos que el hombre est\u00e1 totalmente depravado, y de por s\u00ed enteramente incapaz de remediar su condici\u00f3n de perdido.<br>G\u00e9nesis 1:26,27;&nbsp; Romanos 3:22,23; 5:13; Efesios 2:1-3, 12.&nbsp;&nbsp;&nbsp;&nbsp;&nbsp;&nbsp;&nbsp;&nbsp;&nbsp;&nbsp;&nbsp;&nbsp;&nbsp;&nbsp;&nbsp;&nbsp;&nbsp;&nbsp;&nbsp;&nbsp;&nbsp;&nbsp;&nbsp;&nbsp;&nbsp;&nbsp;&nbsp;&nbsp;&nbsp;&nbsp;&nbsp;&nbsp;&nbsp;&nbsp;&nbsp;&nbsp;&nbsp;&nbsp;&nbsp; &nbsp;&nbsp;&nbsp;&nbsp;&nbsp;&nbsp;&nbsp;&nbsp;&nbsp;&nbsp;&nbsp;&nbsp;&nbsp;&nbsp;&nbsp;&nbsp;&nbsp;&nbsp;&nbsp;&nbsp;&nbsp;&nbsp;&nbsp;&nbsp;&nbsp;&nbsp;<\/p>\n\n\n\n<p><strong>6<\/strong>.&nbsp; <strong>La Salvaci\u00f3n<\/strong><strong> y la Seguridad Eterna del Creyente.<\/strong><\/p>\n\n\n\n<p>Creemos que el Se\u00f1or Jesucristo muri\u00f3 por nuestros pecados seg\u00fan las Escrituras como sacrificio substitucionario por todos y que todos&nbsp; que en el conf\u00edan son salvos por gracia por medio de la fe por su sangre derramado, aceptados en el Amado, guardados por el poder de Dios y que de esta manera est\u00e1n seguros en Cristo eternamente.&nbsp; Juan 1:12; 6:37-40; 10:27-30; Romanos 8:1,38-39;&nbsp; 1 Corintios 1:4-8; Efesios 1:7; 2:8-10; 1 Pedro 1:5, 18, 19.<\/p>\n\n\n\n<p>&nbsp;Creemos que todo hombre salvo posee dos naturalezas con la provisi\u00f3n para alcanzar la victoria de la nueva sobre la antigua por el poder del Esp\u00edritu Santo, y creemos que no es b\u00edblica ninguna pretensi\u00f3n al desarraigo o la erradicaci\u00f3n de la naturaleza antigua durante esta vida presente.&nbsp; Romanos 6:13; 8:12,13;<br>G\u00e1latas 5:16-25; Efesios 4:22-24; Colosenses 3:10; 1 Pedro 1:14-16; 1 Juan 3:5-9.<\/p>\n\n\n\n<p>Creemos que es el privilegio de los creyentes gozar de la certeza de su salvaci\u00f3n por el testimonio de la Palabra de Dios, la que sin embargo proh\u00edbe el uso de la libertad cristiana como ocasi\u00f3n de la carne.&nbsp; Romanos 13:13,14; G\u00e1latas 5:13;<br>Tito 2:11-15; 1 Pedro 2:13-20.<\/p>\n\n\n\n<p><strong>7. <\/strong>&nbsp;<strong>La Iglesia<\/strong>.<\/p>\n\n\n\n<p>Creemos que la iglesia que comenz\u00f3 con el bautismo del Esp\u00edritu Santo en el d\u00eda de Pentecost\u00e9s es el Cuerpo y la Novia de Jesucristo, y creemos que es un organismo espiritual compuesto de todas las personas renacidas en esta edad presente.&nbsp; Hechos 2:1-13; Efesios 1:22,23; 5:25-27; 1 Corintios 12:13,14;<br>2 Corintios 11:2.<\/p>\n\n\n\n<p>Creemos que el establecimiento y la continuaci\u00f3n de las iglesias locales est\u00e1 claramente ordenada y definida en las Escrituras del Nuevo Testamento.&nbsp;<br>Hechos 14:27; 20:17,28-32; 1 Timoteo 3:1-13; Tito 1:5-11.<\/p>\n\n\n\n<p><strong>8.&nbsp; Las Ordenanzas.<\/strong><\/p>\n\n\n\n<p>Creemos en el bautismo del creyente por inmersi\u00f3n, no como una ordenanza de salvaci\u00f3n, sino como un testimonio de su fe en el Se\u00f1or Jesucristo, y de su deseo de seguirle. &nbsp;Mateo 28:19; Hechos 8:36-38.<\/p>\n\n\n\n<p>Creemos que la Santa Cena es una ordenanza instituida por el Se\u00f1or Jesucristo la noche que fue entregado.&nbsp; La celebramos como un acto de obediencia al mandato del Se\u00f1or de <em>\u00abhagan esto en memoria de m\u00ed.\u00bb<\/em>&nbsp; Creemos que la observancia de la Cena del Se\u00f1or es una conmemoraci\u00f3n de su muerte sin que ocurra ning\u00fan cambio sobrenatural en los elementos.&nbsp; El pan representa el cuerpo de Cristo que fue quebrantado en la cruz.&nbsp; El vino representa la sangre de Cristo que fue derramada por nosotros.&nbsp; Todos los que han confiado en Cristo y son miembros de la iglesia pueden tomar la Santa Cena despu\u00e9s de examinarse ante Dios.&nbsp; Lucas 22:1-22; Mateo 26:17-29; Marcos 14:12-25; Juan 13:21-30;<br>1 Corintios 11:23-34.&nbsp;&nbsp;&nbsp;&nbsp;&nbsp;&nbsp;&nbsp;&nbsp;&nbsp;&nbsp;&nbsp;&nbsp;&nbsp;&nbsp;&nbsp;&nbsp;&nbsp;&nbsp;&nbsp;&nbsp;&nbsp;&nbsp;&nbsp;&nbsp;&nbsp;&nbsp;&nbsp;&nbsp; &nbsp;&nbsp;&nbsp;&nbsp;&nbsp;&nbsp;&nbsp;&nbsp;&nbsp;&nbsp;&nbsp;&nbsp;&nbsp;&nbsp;&nbsp;&nbsp;&nbsp;&nbsp;&nbsp;&nbsp;&nbsp;&nbsp;&nbsp;&nbsp;&nbsp;&nbsp;&nbsp;&nbsp;<\/p>\n\n\n\n<p><strong>9.&nbsp; La obra Misionera.<\/strong><\/p>\n\n\n\n<p>Creemos que es la obligaci\u00f3n de los hombres salvos dar testimonio con su vida y palabra a las verdades de las Sagradas Escrituras, y esforzarse en proclamar el Evangelio a toda la humanidad.&nbsp; Marcos 16:15; Hechos 1:8;&nbsp; 2 Corintios 5:19-20.<br><br><\/p>\n\n\n\n<p><strong>10. El Ministerio y Los Dones Espirituales.<\/strong><\/p>\n\n\n\n<p>Creemos que el Se\u00f1or Jesucristo confiere a la iglesia evangelistas y pastores-maestros y que estos hombres son dotados para perfeccionar a los santos para la obra del ministerio. Efesios 4:1-14.<\/p>\n\n\n\n<p>Creemos que el Esp\u00edritu Santo confiere a los creyentes dones espirituales para el servicio cristiano y la edificaci\u00f3n de la iglesia.&nbsp;<br>Romanos 12:3-8; 1 Corintios 12:4-11; 1 Pedro 4:10,11.<\/p>\n\n\n\n<p>Creemos que la edad de la Iglesia empez\u00f3 con el ministerio de los ap\u00f3stoles y profetas acompa\u00f1ada por los dones milagrosos que confirmaron su mensaje y que \u00e9stos fueron gradualmente retirados de la Iglesia antes de completarse las Escrituras del Nuevo Testamento. 1 Corintios 12:28-31; 13:8-10; 14:1-28;<br>2 Corintios 12:12; Efesios 2:19-22; Hebreos 2:3-4.<\/p>\n\n\n\n<p>Creemos que Dios oye y contesta la oraci\u00f3n para la sanidad de los enfermos y afligidos seg\u00fan su propia voluntad.&nbsp; Juan 14:13,14; 15:7; 1 Juan 5:14,15.<br><br><\/p>\n\n\n\n<p><strong>11. Las Dispensaciones.<\/strong><\/p>\n\n\n\n<p>Creemos que la Escritura interpretada en su sentido natural y literal delinea dispensaciones en las cuales est\u00e1n definidas las responsabilidades de los hombres en edades sucesivas.&nbsp; Una dispensaci\u00f3n no es un medio de salvaci\u00f3n pero una administraci\u00f3n divina por la cual Dios dirige al hombre seg\u00fan su propio prop\u00f3sito.&nbsp; Jn. 1:17; 1 Cor. 9:17; 2 Cor. 3:4-18; &nbsp;G\u00e1l. 3:13-25; Ef. 1:10; 3:2-10; Colosenses 1:24,25; Heb. 7:19; Apocalipsis 10:2-6.<\/p>\n\n\n\n<p>Creemos que la salvaci\u00f3n es siempre por la gracia mediante la fe a pesar de la dispensaci\u00f3n en que el creyente viviera.&nbsp; El prop\u00f3sito de Dios en la salvaci\u00f3n por gracia solamente por medio de la fe siempre ha sido basado en la expiaci\u00f3n substitucionaria de Nuestro Se\u00f1or Jesucristo en la cruz. &nbsp;Efesios 2:8-10;<br>Hebreos 11:6; 1 Pedro 1:10-12.<br><br><\/p>\n\n\n\n<p><strong>12. La Personalidad de Satan\u00e1s.<\/strong><\/p>\n\n\n\n<p>Creemos que Satan\u00e1s es una persona, autor del pecado y la causa de la ca\u00edda del hombre que es abierta y declaradamente el enemigo de Dios y del hombre y que ser\u00e1 castigado eternamente en el Lago de Fuego. &nbsp;Job 1:6,7; Isa\u00edas 14:12-17;<br>Mateo 4:2-11; 25:41; Apocalipsis 20:10.<\/p>\n\n\n\n<p><strong>13. La Segunda Venida de Cristo.<\/strong><\/p>\n\n\n\n<p>Creemos en la venida personal (en persona), inminente (a cualquier hora), pretribulacionaria (antes de la Tribulaci\u00f3n) y premilenaria (antes del Milenio) del Se\u00f1or Jesucristo para recibir los suyos, los redimidos.&nbsp; Creemos que al final de los siete a\u00f1os de la Tribulaci\u00f3n que Cristo regresar\u00e1 con poder y en gloria a la tierra con sus santos para reinar por mil a\u00f1os. &nbsp;Zacar\u00edas&nbsp; 14:4-11; 1 Tesalonicenses 1:10; 4:13-18; 5:9; Tito 2:13; Apocalipsis 3:10; 19:11-16; 20:1-6.<br><br><\/p>\n\n\n\n<p><strong>14. El Destino Eterno.<\/strong><\/p>\n\n\n\n<p>Creemos en la resurrecci\u00f3n corporal (en su cuerpo) de todos los hombres: los salvos para vida eterna y los perdidos al castigo eterno. &nbsp;<br>Mateo 25:46;&nbsp; Juan. 5:28,29; 11:25,26;&nbsp; Apocalipsis 20:5, 6, 12,13.<\/p>\n\n\n\n<p>Creemos que cuando mueren los redimidos sus almas est\u00e1n ausentes del cuerpo y presentes con el Se\u00f1or, donde en estado de felicidad consciente esperan hasta la primera resurrecci\u00f3n, en que se vuelve a unir su esp\u00edritu, alma y cuerpo glorificado, para vivir en gloria eterna con su Se\u00f1or.&nbsp; Lucas &nbsp;23:43;<br>Apocalipsis. 20:4-6; 2 Corintios 5:8; Filipenses 1:23; 3:21; 1 Tesalonicenses 4:16,17.<\/p>\n\n\n\n<p>Creemos que cuando mueren los incr\u00e9dulos sus almas permanecen en estado de sufrimiento consciente en el infierno hasta la segunda resurrecci\u00f3n en que, con alma y cuerpo reunidos, comparecer\u00e1n&nbsp; ante el juicio del Gran Trono Blanco y ser\u00e1n echados al Lago de Fuego, no siendo aniquilados (no dejado de existir), sino sufriendo el castigo consciente y eterno.&nbsp; Lucas 16:19-26; Mateo 25:41-46;<\/p>\n\n\n\n<p>2 Tesalonicenses1:7-9; Judas 6, 7; Apocalipsis 20:11-15.<br><br><\/p>\n\n\n\n<p><strong>15. La Creaci\u00f3n.<\/strong><\/p>\n\n\n\n<p>Creemos que el Dios trino, por un acto de voluntad libre y para su propia gloria, sin el uso de materiales existentes o sin causas secundarias, hizo existir inmediatamente e instant\u00e1neamente en seis d\u00edas literales por la palabra de Su boca todo el universo visible e invisible. &nbsp;G\u00e9nesis 1:1-27; \u00c9xodo 20:8-11; Nehem\u00edas 9:6; Salmo 104:25,26; Isa\u00edas 40:21-31; Juan 1:1-5; Colosesnes 1:16,17.<\/p>\n\n\n\n<p><strong>16. La Vida Separada y la Unidad B\u00edblica.<\/strong><\/p>\n\n\n\n<p>Creemos que todo hombre salvo debe ser apartado al Se\u00f1or Jesucristo, viviendo de tal manera que no traiga reproche a su Salvador y Se\u00f1or en sus relaciones personales y sus asociaciones con otras iglesias o religiones.&nbsp; &nbsp;Romanos 12:1,3; 14:13; 1 Corintios 6:19,20; Tito 2:14; Santiago 4:4,5; 1 Pedro 2:9; 1 Juan 2:15-17.<\/p>\n\n\n\n<p>Creemos que debemos cooperar, cuando sea posible, con otras iglesias y organizaciones que tienen la doctrina homog\u00e9nea con nosotros.&nbsp; Creemos que es la responsabilidad del creyente de mantener la unidad de la fe mientras se separa de la apostas\u00eda religiosa y de los que han desviado de la doctrina y pr\u00e1ctica b\u00edblica. &nbsp;Mateo 18:15-17; Romanos 16:17; 1 Corintios 5:7-11; 2 Corintios 6:14-18; Efesios 4:1-6; 2 Tesalonicenses 3:11-14; 2 Timoteo 3:1-5; Tito 3:10; 2 Juan 9-11.<\/p>\n\n\n\n<div class=\"wp-block-file\"><a href=\"https:\/\/vidanuevaz.mx\/wp-content\/uploads\/2020\/08\/declaracion-de-fe-.doc\" class=\"wp-block-file__button\" download><\/a><\/div>\n\n\n\n<p>\u00a0\u00a0\u00a0\u00a0\u00a0\u00a0\u00a0\u00a0\u00a0\u00a0\u00a0\u00a0\u00a0\u00a0\u00a0\u00a0\u00a0\u00a0\u00a0 \u00a0\u00a0\u00a0\u00a0\u00a0\u00a0\u00a0\u00a0\u00a0\u00a0\u00a0\u00a0\u00a0\u00a0\u00a0\u00a0\u00a0\u00a0\u00a0\u00a0\u00a0\u00a0\u00a0\u00a0\u00a0\u00a0\u00a0\u00a0<\/p>\n","protected":false},"excerpt":{"rendered":"<p>Declaraci\u00f3n de Fe de la Iglesia B\u00edblica Vida Nueva 1.&nbsp; Las Sagradas Escrituras. Creemos que los 66 libros del Antiguo y Nuevo Testamentos son la Palabra de Dios, verbalmente inspirada, la autoridad final para fe y vida, sin error en los manuscritos originales, infalible, y dada por la inspiraci\u00f3n de Dios. &nbsp;2 Timoteo 3:16,17;&nbsp; 2 [&hellip;]<\/p>\n","protected":false},"author":1,"featured_media":0,"parent":0,"menu_order":0,"comment_status":"closed","ping_status":"closed","template":"","meta":{"footnotes":""},"class_list":["post-93","page","type-page","status-publish","hentry"],"_links":{"self":[{"href":"https:\/\/vidanuevaz.mx\/index.php?rest_route=\/wp\/v2\/pages\/93","targetHints":{"allow":["GET"]}}],"collection":[{"href":"https:\/\/vidanuevaz.mx\/index.php?rest_route=\/wp\/v2\/pages"}],"about":[{"href":"https:\/\/vidanuevaz.mx\/index.php?rest_route=\/wp\/v2\/types\/page"}],"author":[{"embeddable":true,"href":"https:\/\/vidanuevaz.mx\/index.php?rest_route=\/wp\/v2\/users\/1"}],"replies":[{"embeddable":true,"href":"https:\/\/vidanuevaz.mx\/index.php?rest_route=%2Fwp%2Fv2%2Fcomments&post=93"}],"version-history":[{"count":2,"href":"https:\/\/vidanuevaz.mx\/index.php?rest_route=\/wp\/v2\/pages\/93\/revisions"}],"predecessor-version":[{"id":255,"href":"https:\/\/vidanuevaz.mx\/index.php?rest_route=\/wp\/v2\/pages\/93\/revisions\/255"}],"wp:attachment":[{"href":"https:\/\/vidanuevaz.mx\/index.php?rest_route=%2Fwp%2Fv2%2Fmedia&parent=93"}],"curies":[{"name":"wp","href":"https:\/\/api.w.org\/{rel}","templated":true}]}}