{"id":1706,"date":"2020-11-07T10:24:20","date_gmt":"2020-11-06T21:39:20","guid":{"rendered":"https:\/\/vidanuevaz.mx\/?page_id=1706"},"modified":"2020-11-07T10:35:29","modified_gmt":"2020-11-06T21:50:29","slug":"sintesis-de-doctrina-biblica","status":"publish","type":"page","link":"https:\/\/vidanuevaz.mx\/?page_id=1706","title":{"rendered":"S\u00edntesis de Doctrina B\u00edblica"},"content":{"rendered":"\n<p>Un manual de trabajo de 13 lecciones para acompa\u00f1ar el estudio del libro S\u00edntesis de Doctrina B\u00edblica por Charles Ryrie. <\/p>\n\n\n\n<figure class=\"wp-block-table\"><table><tbody><tr><td><a href=\"https:\/\/vidanuevaz.mx\/?page_id=1717\" class=\"rank-math-link\">Maestro (NVI)<\/a><\/td><td><a href=\"https:\/\/vidanuevaz.mx\/?page_id=1714\" class=\"rank-math-link\">Alumno (NVI)<\/a><\/td><td><a href=\"https:\/\/vidanuevaz.mx\/?page_id=1711\" class=\"rank-math-link\">Maestro (RV60)<\/a><\/td><td><a href=\"https:\/\/vidanuevaz.mx\/?page_id=1708\" class=\"rank-math-link\">Alumno (RV60)<\/a><\/td><\/tr><\/tbody><\/table><\/figure>\n\n\n\n<p><\/p>\n","protected":false},"excerpt":{"rendered":"<p>Un manual de trabajo de 13 lecciones para acompa\u00f1ar el estudio del libro S\u00edntesis de Doctrina B\u00edblica por Charles Ryrie. Maestro (NVI) Alumno (NVI) Maestro (RV60) Alumno (RV60)<\/p>\n","protected":false},"author":1,"featured_media":0,"parent":0,"menu_order":0,"comment_status":"closed","ping_status":"closed","template":"","meta":{"footnotes":""},"class_list":["post-1706","page","type-page","status-publish","hentry"],"_links":{"self":[{"href":"https:\/\/vidanuevaz.mx\/index.php?rest_route=\/wp\/v2\/pages\/1706","targetHints":{"allow":["GET"]}}],"collection":[{"href":"https:\/\/vidanuevaz.mx\/index.php?rest_route=\/wp\/v2\/pages"}],"about":[{"href":"https:\/\/vidanuevaz.mx\/index.php?rest_route=\/wp\/v2\/types\/page"}],"author":[{"embeddable":true,"href":"https:\/\/vidanuevaz.mx\/index.php?rest_route=\/wp\/v2\/users\/1"}],"replies":[{"embeddable":true,"href":"https:\/\/vidanuevaz.mx\/index.php?rest_route=%2Fwp%2Fv2%2Fcomments&post=1706"}],"version-history":[{"count":2,"href":"https:\/\/vidanuevaz.mx\/index.php?rest_route=\/wp\/v2\/pages\/1706\/revisions"}],"predecessor-version":[{"id":1725,"href":"https:\/\/vidanuevaz.mx\/index.php?rest_route=\/wp\/v2\/pages\/1706\/revisions\/1725"}],"wp:attachment":[{"href":"https:\/\/vidanuevaz.mx\/index.php?rest_route=%2Fwp%2Fv2%2Fmedia&parent=1706"}],"curies":[{"name":"wp","href":"https:\/\/api.w.org\/{rel}","templated":true}]}}