{"id":1407,"date":"2020-10-12T12:56:16","date_gmt":"2020-10-12T00:11:16","guid":{"rendered":"https:\/\/vidanuevaz.mx\/?page_id=1407"},"modified":"2023-01-22T12:53:56","modified_gmt":"2023-01-22T00:08:56","slug":"como-entender-la-biblia","status":"publish","type":"page","link":"https:\/\/vidanuevaz.mx\/?page_id=1407","title":{"rendered":"Como Entender la Biblia"},"content":{"rendered":"\n<p>Un estudio que ayuda al alumno a leer la Biblia con provecho todos los d\u00edas. Tambi\u00e9n aprender\u00e1 algunas de las reglas b\u00e1sicas de la interpretaci\u00f3n b\u00edblica para su estudio de ella.<\/p>\n\n\n\n<figure class=\"wp-block-table\"><table><tbody><tr><td><a href=\"https:\/\/vidanuevaz.mx\/?page_id=1420\" class=\"rank-math-link\">Maestro (NVI)<\/a><\/td><td><a href=\"https:\/\/vidanuevaz.mx\/?page_id=1418\" class=\"rank-math-link\">Alumno (NVI)<\/a><\/td><td><a href=\"https:\/\/vidanuevaz.mx\/?page_id=1415\" class=\"rank-math-link\">Maestro (RV60)<\/a><\/td><td><a href=\"https:\/\/vidanuevaz.mx\/?page_id=1412\" class=\"rank-math-link\">Alumno (RV60)<\/a><\/td><td><a href=\"https:\/\/vidanuevaz.mx\/?page_id=1409\" class=\"rank-math-link\">Portada<\/a><\/td><\/tr><\/tbody><\/table><\/figure>\n\n\n\n<p><\/p>\n","protected":false},"excerpt":{"rendered":"<p>Un estudio que ayuda al alumno a leer la Biblia con provecho todos los d\u00edas. Tambi\u00e9n aprender\u00e1 algunas de las reglas b\u00e1sicas de la interpretaci\u00f3n b\u00edblica para su estudio de ella. Maestro (NVI) Alumno (NVI) Maestro (RV60) Alumno (RV60) Portada<\/p>\n","protected":false},"author":1,"featured_media":0,"parent":0,"menu_order":0,"comment_status":"closed","ping_status":"closed","template":"","meta":{"footnotes":""},"class_list":["post-1407","page","type-page","status-publish","hentry"],"_links":{"self":[{"href":"https:\/\/vidanuevaz.mx\/index.php?rest_route=\/wp\/v2\/pages\/1407","targetHints":{"allow":["GET"]}}],"collection":[{"href":"https:\/\/vidanuevaz.mx\/index.php?rest_route=\/wp\/v2\/pages"}],"about":[{"href":"https:\/\/vidanuevaz.mx\/index.php?rest_route=\/wp\/v2\/types\/page"}],"author":[{"embeddable":true,"href":"https:\/\/vidanuevaz.mx\/index.php?rest_route=\/wp\/v2\/users\/1"}],"replies":[{"embeddable":true,"href":"https:\/\/vidanuevaz.mx\/index.php?rest_route=%2Fwp%2Fv2%2Fcomments&post=1407"}],"version-history":[{"count":6,"href":"https:\/\/vidanuevaz.mx\/index.php?rest_route=\/wp\/v2\/pages\/1407\/revisions"}],"predecessor-version":[{"id":4146,"href":"https:\/\/vidanuevaz.mx\/index.php?rest_route=\/wp\/v2\/pages\/1407\/revisions\/4146"}],"wp:attachment":[{"href":"https:\/\/vidanuevaz.mx\/index.php?rest_route=%2Fwp%2Fv2%2Fmedia&parent=1407"}],"curies":[{"name":"wp","href":"https:\/\/api.w.org\/{rel}","templated":true}]}}